{"id":951,"date":"2018-05-18T19:37:12","date_gmt":"2018-05-18T17:37:12","guid":{"rendered":"http:\/\/www.union-raab.com\/union\/wpr\/?page_id=951"},"modified":"2022-09-17T19:13:32","modified_gmt":"2022-09-17T17:13:32","slug":"impressum","status":"publish","type":"page","link":"http:\/\/www.union-raab.com\/union\/wpr\/?page_id=951","title":{"rendered":"Impressum"},"content":{"rendered":"<h2><strong>Impressum<\/strong><\/h2>\n<div style=\"padding-left: 0px; padding-right: 0px;\" <strong=\"\">Offenlegung nach \u00a7 25 Mediengesetz \/ Copyright \/ Haftung<strong>Sportunion Raab (www.union-raab.com)<\/strong><br \/>\nPfarrwiesengasse 6<br \/>\n1190 Wien<br \/>\n0664\/1613904vertreten durch Obmann DI. Dr. Johann Hammerer (<a href=\"mailto:office@union-raab.com\">office@union-raab.com<\/a>)<strong><u>Allgemeines<\/u><\/strong>Im Hinblick auf die technischen Eigenschaften des Internet kann keine Gew\u00e4hr f\u00fcr die Authentizit\u00e4t, Richtigkeit und Vollst\u00e4ndigkeit der im Internet zur Verf\u00fcgung gestellten Informationen \u00fcbernommen werden. Weiters wird auch keine Gew\u00e4hr f\u00fcr die Verf\u00fcgbarkeit oder den Betrieb gegenst\u00e4ndlicher Homepage und ihrer Inhalte \u00fcbernommen.Jede Haftung f\u00fcr unmittelbare oder sonstige Sch\u00e4den, unabh\u00e4ngig von deren Ursachen, die aus der Benutzung oder Nichtverf\u00fcgbarkeit der Daten und Informationen dieser Homepage erwachsen, wird, soweit rechtlich zul\u00e4ssig, ausgeschlossen.Der Inhalt dieser Homepage ist urheberrechtlich gesch\u00fctzt. Die Informationen sind nur f\u00fcr die pers\u00f6nliche Verwendung bestimmt. Jede weitergehende Nutzung insbesondere die Speicherung in Datenbanken, Vervielf\u00e4ltigung und jede Form von gewerblicher Nutzung sowie die Weitergabe an Dritte &#8211; auch in Teilen oder in \u00fcberarbeiteter Form &#8211; ohne Zustimmung der Union Raab ist untersagt.Die Union Raab&nbsp; weist darauf hin, dass f\u00fcr die Inhalte der Hyperlinks keine Verantwortung und keine Haftung \u00fcbernommen wird. Jede Einbindung einzelner Seiten oder sonstiger Ausz\u00fcge in fremde Frames ist untersagt.Die Union Raab \u00fcberpr\u00fcft andere Webseiten, zu denen sich direkte Zugangsm\u00f6glichkeiten (Links) auf deren Internetseiten befinden, nicht hinsichtlich Inhalt und Gesetzm\u00e4\u00dfigkeit. Die Union Raab \u00fcbernimmt keinen Einfluss auf die Gestaltung dieser Webseiten und distanziert sich ausdr\u00fccklich von den dort dargestellten, allenfalls ungesetzlichen Inhalten. Die Union Raab \u00fcbernimmt dar\u00fcber hinaus keine Verantwortung f\u00fcr solche Inhalte und haftet f\u00fcr derartige Inhalte auch nicht. Bei Bekanntwerden von Rechtsverletzungen werden wir derartige Inhalte umgehend entfernenAlle auf der Website der Union Raab vorkommenden nicht spezifischen Geschlechtsangaben folgen dem Unisex-Prinzip und gelten somit f\u00fcr beide Geschlechter gleicherma\u00dfen.&nbsp;<\/p>\n<p><strong>Bildmaterial<\/strong><\/p>\n<p>Die Rechte f\u00fcr die Fotos auf der Website liegen &#8211; wenn nicht anders gekennzeichnet &#8211; bei der Union Raab<\/p>\n<\/div>\n","protected":false},"excerpt":{"rendered":"<p>Impressum<\/p>\n","protected":false},"author":1,"featured_media":0,"parent":0,"menu_order":0,"comment_status":"closed","ping_status":"closed","template":"onecolumn-page.php","meta":{"ngg_post_thumbnail":0,"footnotes":""},"class_list":["post-951","page","type-page","status-publish","hentry"],"_links":{"self":[{"href":"http:\/\/www.union-raab.com\/union\/wpr\/index.php?rest_route=\/wp\/v2\/pages\/951","targetHints":{"allow":["GET"]}}],"collection":[{"href":"http:\/\/www.union-raab.com\/union\/wpr\/index.php?rest_route=\/wp\/v2\/pages"}],"about":[{"href":"http:\/\/www.union-raab.com\/union\/wpr\/index.php?rest_route=\/wp\/v2\/types\/page"}],"author":[{"embeddable":true,"href":"http:\/\/www.union-raab.com\/union\/wpr\/index.php?rest_route=\/wp\/v2\/users\/1"}],"replies":[{"embeddable":true,"href":"http:\/\/www.union-raab.com\/union\/wpr\/index.php?rest_route=%2Fwp%2Fv2%2Fcomments&post=951"}],"version-history":[{"count":10,"href":"http:\/\/www.union-raab.com\/union\/wpr\/index.php?rest_route=\/wp\/v2\/pages\/951\/revisions"}],"predecessor-version":[{"id":1340,"href":"http:\/\/www.union-raab.com\/union\/wpr\/index.php?rest_route=\/wp\/v2\/pages\/951\/revisions\/1340"}],"wp:attachment":[{"href":"http:\/\/www.union-raab.com\/union\/wpr\/index.php?rest_route=%2Fwp%2Fv2%2Fmedia&parent=951"}],"curies":[{"name":"wp","href":"https:\/\/api.w.org\/{rel}","templated":true}]}}